{"id":2,"date":"2023-12-06T17:57:09","date_gmt":"2023-12-06T16:57:09","guid":{"rendered":"https:\/\/wordpress.tjof.de\/?page_id=2"},"modified":"2026-03-10T13:59:29","modified_gmt":"2026-03-10T12:59:29","slug":"beispiel-seite","status":"publish","type":"page","link":"https:\/\/akupunktur.kowald.org\/","title":{"rendered":"Praxis f\u00fcr Akupunktur"},"content":{"rendered":"\n<h1 class=\"wp-block-heading\">Traditionelle Chinesische Medizin<\/h1>\n\n\n\n<p><\/p>\n\n\n\n<p>Die TCM ist eine jahrtausende alte Erfahrungsmedizin. Sie beruht auf den f\u00fcnf S\u00e4ulen Akupunktur, Kr\u00e4utertherapie, Bewegungs\u00fcbungen, Massage und Ern\u00e4hrung. Das Qi des Menschen, welches oft mit Energie, Lebenskraft oder Atem \u00fcbersetzt wird, soll im Fluss und Gleichgewicht bleiben. Mit den verschiedenen Therapieans\u00e4tzen der TCM soll dieser Qi-Fluss erhalten werden, dabei wird der Mensch immer als Gesamtheit mit Psyche und K\u00f6rper betrachtet. Der Schwerpunkt meiner Behandlungen liegt auf der klassischen K\u00f6rperakupunktur und der Ohrakupunktur.<\/p>\n\n\n\n<p><\/p>\n\n\n\n<h1 class=\"wp-block-heading\">Wann<\/h1>\n\n\n\n<p>Akupunktur kann bei einer Vielzahl von Erkrankungen aus den schulmedizinischen Fachbereichen eingesetzt werden. Hier einige Beispiele:<\/p>\n\n\n\n<p>Bewegungsapparat: z.B. R\u00fcckenbeschwerden, Gelenkschmerzen, Muskelverspannungen<\/p>\n\n\n\n<p>Frauenheilkunde: Zyklusbeschwerden, Brustschmerzen, Wechseljahresbeschwerden<\/p>\n\n\n\n<p>Geburtshilfe: Schwangerschaftsbeschwerden, \u00dcbelkeit, \u00d6deme<\/p>\n\n\n\n<p>Neurologie: Kopfschmerzen, Migr\u00e4ne<\/p>\n\n\n\n<p>Onkologie: Nebenwirkungsmanagement bei Chemotherapie wie PNP, \u00dcbelkeit, Fatigue-Syndrom<\/p>\n\n\n\n<p>Weiteres: Allergien, Asthma, Raucherentw\u00f6hnung<\/p>\n\n\n\n<p>u.v.m.<\/p>\n\n\n\n<p><\/p>\n\n\n\n<h1 class=\"wp-block-heading\">Wann nicht<\/h1>\n\n\n\n<p>Es gibt Erkrankungen die sich zun\u00e4chst als einfache St\u00f6rungen des K\u00f6rpers zeigen, aber schwerwiegende Ursachen haben. Als approbierte \u00c4rztin pr\u00fcfe ich immer kritisch, ob ein solcher Fall vorliegt und verweise dann an die Kolleg:innen der entsprechenden schulmedizinischen Fachrichtung.<\/p>\n\n\n\n<p><\/p>\n\n\n\n<h1 class=\"wp-block-heading\">Was erwartet mich?<\/h1>\n\n\n\n<p>Beim ersten Besuch wird eine ausf\u00fchrliche Anamnese, Puls- und Zungendiagnostik erfolgen. Dann erstelle ich ein Therapiekonzept und wenn Sie dazu bereit sind, beginnen wir auch mit der ersten Akupunktur-Behandlung: Daf\u00fcr werden sehr d\u00fcnne, sterile Einmalnadeln in die Haut an definierten Punkten eingef\u00fchrt und verbleiben dort f\u00fcr 20-30 Minuten. Diese Akupunkturbehandlung wird dann in individuellen Zeitabst\u00e4nden wiederholt. Je nach Ver\u00e4nderung der Symptome wird das Therapiekonzept angepasst, oder auch um weitere S\u00e4ulen erweitert.<\/p>\n\n\n\n<p>Die Kosten werden von den gesetzlichen Krankenkassen nicht \u00fcbernommen, daher erfolgt die Abrechnung als individuelle Gesundheitsleistung (iGeL) nach der Geb\u00fchrenordnung f\u00fcr \u00c4rzte (Go\u00c4). Private Krankenkassen, sowie Zusatzversicherungen f\u00fcr naturheilkundliche Medizin \u00fcbernehmen in der Regel die Kosten \u2013 die Kosten\u00fcbernahme kann beim Versicherungsanbieter auch erfragt werden.<\/p>\n\n\n\n<p><\/p>\n\n\n\n<p><\/p>\n\n\n\n<h1 class=\"wp-block-heading\">Wo finden die Behandlungen statt?<\/h1>\n\n\n\n<p>Die Behandlungen finden donnerstags in der Praxis Dr. Monika Lakatos (Isoldestr. 3, 76185 Karlsruhe) oder als Hausbesuche statt.<\/p>\n\n\n\n<p>Termine k\u00f6nnen telefonisch unter <a href=\"tel:0721552880\">0721-552880<\/a>, per Mail (akupunktur@kowald.org) oder in der Praxis vor Ort vereinbart werden.<\/p>\n\n\n\n<p><\/p>\n\n\n\n<h1 class=\"wp-block-heading\">\u00dcber mich<\/h1>\n\n\n\n<p>Jahrgang 1988<\/p>\n\n\n\n<p>2007-2014 Studium der Humanmedizin an der Universit\u00e4t Ulm<\/p>\n\n\n\n<p>2016 Promotion Universit\u00e4t Ulm, Sektion gyn\u00e4kologische Onkologie<\/p>\n\n\n\n<p>2021 Zusatzbezeichnung Akupunktur<\/p>\n\n\n\n<p>2015 \u2013 2021 T\u00e4tigkeit zun\u00e4chst als Assistenz\u00e4rztin, dann Fach\u00e4rztin an der Frauenklinik, St\u00e4dtisches Klinikum Karlsruhe<\/p>\n\n\n\n<p>2021-2025 Fach\u00e4rztin im Diakonissenstiftungskrankenhaus Speyer<\/p>\n\n\n\n<p>Seit 2024 Privat\u00e4rztliche Akupunkturbehandlungen<\/p>\n\n\n\n<p>Seit 05\/2025 Ober\u00e4rztin im Diakonissenstiftungskrankenhaus Speyer<\/p>\n\n\n\n<h1 class=\"wp-block-heading\">Kontakt<\/h1>\n\n\n\n<p>akupunktur (at) kowald.org<\/p>\n\n\n<div class=\"is-default-size wp-block-site-logo\"><a href=\"https:\/\/akupunktur.kowald.org\/\" class=\"custom-logo-link\" rel=\"home\"><img loading=\"lazy\" decoding=\"async\" width=\"250\" height=\"250\" src=\"https:\/\/akupunktur.kowald.org\/wp-content\/uploads\/2024\/02\/cropped-akupunkturpraxis_kowald_logo-2.png\" class=\"custom-logo\" alt=\"Logo Akupunkturpraxis Kowald\" srcset=\"https:\/\/akupunktur.kowald.org\/wp-content\/uploads\/2024\/02\/cropped-akupunkturpraxis_kowald_logo-2.png 250w, https:\/\/akupunktur.kowald.org\/wp-content\/uploads\/2024\/02\/cropped-akupunkturpraxis_kowald_logo-2-150x150.png 150w, https:\/\/akupunktur.kowald.org\/wp-content\/uploads\/2024\/02\/cropped-akupunkturpraxis_kowald_logo-2-100x100.png 100w\" sizes=\"auto, 100vw\" \/><\/a><\/div>","protected":false},"excerpt":{"rendered":"<p>Traditionelle Chinesische Medizin Die TCM ist eine jahrtausende alte Erfahrungsmedizin. Sie beruht auf den f\u00fcnf S\u00e4ulen Akupunktur, Kr\u00e4utertherapie, Bewegungs\u00fcbungen, Massage und Ern\u00e4hrung. Das Qi des Menschen, welches oft mit Energie, Lebenskraft oder Atem \u00fcbersetzt wird, soll im Fluss und Gleichgewicht bleiben. Mit den verschiedenen Therapieans\u00e4tzen der TCM soll dieser Qi-Fluss erhalten werden, dabei wird der &hellip; <\/p>\n<p class=\"link-more\"><a href=\"https:\/\/akupunktur.kowald.org\/\" class=\"more-link\"><span class=\"screen-reader-text\">\u201ePraxis f\u00fcr Akupunktur\u201c<\/span> weiterlesen<\/a><\/p>\n","protected":false},"author":1,"featured_media":0,"parent":0,"menu_order":0,"comment_status":"closed","ping_status":"open","template":"","meta":{"footnotes":""},"class_list":["post-2","page","type-page","status-publish","hentry"],"yoast_head":"<!-- This site is optimized with the Yoast SEO plugin v21.9.1 - https:\/\/yoast.com\/wordpress\/plugins\/seo\/ -->\n<title>Praxis f\u00fcr Akupunktur - Akupunkturpraxis Kowald<\/title>\n<meta name=\"robots\" content=\"index, follow, max-snippet:-1, max-image-preview:large, max-video-preview:-1\" \/>\n<link rel=\"canonical\" href=\"https:\/\/akupunktur.kowald.org\/\" \/>\n<meta property=\"og:locale\" content=\"de_DE\" \/>\n<meta property=\"og:type\" content=\"article\" \/>\n<meta property=\"og:title\" content=\"Praxis f\u00fcr Akupunktur - Akupunkturpraxis Kowald\" \/>\n<meta property=\"og:description\" content=\"Traditionelle Chinesische Medizin Die TCM ist eine jahrtausende alte Erfahrungsmedizin. Sie beruht auf den f\u00fcnf S\u00e4ulen Akupunktur, Kr\u00e4utertherapie, Bewegungs\u00fcbungen, Massage und Ern\u00e4hrung. Das Qi des Menschen, welches oft mit Energie, Lebenskraft oder Atem \u00fcbersetzt wird, soll im Fluss und Gleichgewicht bleiben. Mit den verschiedenen Therapieans\u00e4tzen der TCM soll dieser Qi-Fluss erhalten werden, dabei wird der &hellip; \u201ePraxis f\u00fcr Akupunktur\u201c weiterlesen\" \/>\n<meta property=\"og:url\" content=\"https:\/\/akupunktur.kowald.org\/\" \/>\n<meta property=\"og:site_name\" content=\"Akupunkturpraxis Kowald\" \/>\n<meta property=\"article:modified_time\" content=\"2026-03-10T12:59:29+00:00\" \/>\n<meta name=\"twitter:card\" content=\"summary_large_image\" \/>\n<meta name=\"twitter:label1\" content=\"Gesch\u00e4tzte Lesezeit\" \/>\n\t<meta name=\"twitter:data1\" content=\"3\u00a0Minuten\" \/>\n<script type=\"application\/ld+json\" class=\"yoast-schema-graph\">{\"@context\":\"https:\/\/schema.org\",\"@graph\":[{\"@type\":\"WebPage\",\"@id\":\"https:\/\/akupunktur.kowald.org\/\",\"url\":\"https:\/\/akupunktur.kowald.org\/\",\"name\":\"Praxis f\u00fcr Akupunktur - Akupunkturpraxis Kowald\",\"isPartOf\":{\"@id\":\"https:\/\/akupunktur.kowald.org\/#website\"},\"datePublished\":\"2023-12-06T16:57:09+00:00\",\"dateModified\":\"2026-03-10T12:59:29+00:00\",\"breadcrumb\":{\"@id\":\"https:\/\/akupunktur.kowald.org\/#breadcrumb\"},\"inLanguage\":\"de\",\"potentialAction\":[{\"@type\":\"ReadAction\",\"target\":[\"https:\/\/akupunktur.kowald.org\/\"]}]},{\"@type\":\"BreadcrumbList\",\"@id\":\"https:\/\/akupunktur.kowald.org\/#breadcrumb\",\"itemListElement\":[{\"@type\":\"ListItem\",\"position\":1,\"name\":\"Startseite\",\"item\":\"https:\/\/akupunktur.kowald.org\/\"},{\"@type\":\"ListItem\",\"position\":2,\"name\":\"Praxis f\u00fcr Akupunktur\"}]},{\"@type\":\"WebSite\",\"@id\":\"https:\/\/akupunktur.kowald.org\/#website\",\"url\":\"https:\/\/akupunktur.kowald.org\/\",\"name\":\"Akupunkturpraxis Kowald\",\"description\":\"Traditionelle Chinesische Medizin in Karlsruhe\",\"publisher\":{\"@id\":\"https:\/\/akupunktur.kowald.org\/#organization\"},\"potentialAction\":[{\"@type\":\"SearchAction\",\"target\":{\"@type\":\"EntryPoint\",\"urlTemplate\":\"https:\/\/akupunktur.kowald.org\/?s={search_term_string}\"},\"query-input\":\"required name=search_term_string\"}],\"inLanguage\":\"de\"},{\"@type\":\"Organization\",\"@id\":\"https:\/\/akupunktur.kowald.org\/#organization\",\"name\":\"Akupunkturpraxis Kowald\",\"url\":\"https:\/\/akupunktur.kowald.org\/\",\"logo\":{\"@type\":\"ImageObject\",\"inLanguage\":\"de\",\"@id\":\"https:\/\/akupunktur.kowald.org\/#\/schema\/logo\/image\/\",\"url\":\"https:\/\/akupunktur.kowald.org\/wp-content\/uploads\/2024\/02\/cropped-akupunkturpraxis_kowald_logo-2.png\",\"contentUrl\":\"https:\/\/akupunktur.kowald.org\/wp-content\/uploads\/2024\/02\/cropped-akupunkturpraxis_kowald_logo-2.png\",\"width\":250,\"height\":250,\"caption\":\"Akupunkturpraxis Kowald\"},\"image\":{\"@id\":\"https:\/\/akupunktur.kowald.org\/#\/schema\/logo\/image\/\"}}]}<\/script>\n<!-- \/ Yoast SEO plugin. -->","yoast_head_json":{"title":"Praxis f\u00fcr Akupunktur - Akupunkturpraxis Kowald","robots":{"index":"index","follow":"follow","max-snippet":"max-snippet:-1","max-image-preview":"max-image-preview:large","max-video-preview":"max-video-preview:-1"},"canonical":"https:\/\/akupunktur.kowald.org\/","og_locale":"de_DE","og_type":"article","og_title":"Praxis f\u00fcr Akupunktur - Akupunkturpraxis Kowald","og_description":"Traditionelle Chinesische Medizin Die TCM ist eine jahrtausende alte Erfahrungsmedizin. Sie beruht auf den f\u00fcnf S\u00e4ulen Akupunktur, Kr\u00e4utertherapie, Bewegungs\u00fcbungen, Massage und Ern\u00e4hrung. Das Qi des Menschen, welches oft mit Energie, Lebenskraft oder Atem \u00fcbersetzt wird, soll im Fluss und Gleichgewicht bleiben. Mit den verschiedenen Therapieans\u00e4tzen der TCM soll dieser Qi-Fluss erhalten werden, dabei wird der &hellip; \u201ePraxis f\u00fcr Akupunktur\u201c weiterlesen","og_url":"https:\/\/akupunktur.kowald.org\/","og_site_name":"Akupunkturpraxis Kowald","article_modified_time":"2026-03-10T12:59:29+00:00","twitter_card":"summary_large_image","twitter_misc":{"Gesch\u00e4tzte Lesezeit":"3\u00a0Minuten"},"schema":{"@context":"https:\/\/schema.org","@graph":[{"@type":"WebPage","@id":"https:\/\/akupunktur.kowald.org\/","url":"https:\/\/akupunktur.kowald.org\/","name":"Praxis f\u00fcr Akupunktur - Akupunkturpraxis Kowald","isPartOf":{"@id":"https:\/\/akupunktur.kowald.org\/#website"},"datePublished":"2023-12-06T16:57:09+00:00","dateModified":"2026-03-10T12:59:29+00:00","breadcrumb":{"@id":"https:\/\/akupunktur.kowald.org\/#breadcrumb"},"inLanguage":"de","potentialAction":[{"@type":"ReadAction","target":["https:\/\/akupunktur.kowald.org\/"]}]},{"@type":"BreadcrumbList","@id":"https:\/\/akupunktur.kowald.org\/#breadcrumb","itemListElement":[{"@type":"ListItem","position":1,"name":"Startseite","item":"https:\/\/akupunktur.kowald.org\/"},{"@type":"ListItem","position":2,"name":"Praxis f\u00fcr Akupunktur"}]},{"@type":"WebSite","@id":"https:\/\/akupunktur.kowald.org\/#website","url":"https:\/\/akupunktur.kowald.org\/","name":"Akupunkturpraxis Kowald","description":"Traditionelle Chinesische Medizin in Karlsruhe","publisher":{"@id":"https:\/\/akupunktur.kowald.org\/#organization"},"potentialAction":[{"@type":"SearchAction","target":{"@type":"EntryPoint","urlTemplate":"https:\/\/akupunktur.kowald.org\/?s={search_term_string}"},"query-input":"required name=search_term_string"}],"inLanguage":"de"},{"@type":"Organization","@id":"https:\/\/akupunktur.kowald.org\/#organization","name":"Akupunkturpraxis Kowald","url":"https:\/\/akupunktur.kowald.org\/","logo":{"@type":"ImageObject","inLanguage":"de","@id":"https:\/\/akupunktur.kowald.org\/#\/schema\/logo\/image\/","url":"https:\/\/akupunktur.kowald.org\/wp-content\/uploads\/2024\/02\/cropped-akupunkturpraxis_kowald_logo-2.png","contentUrl":"https:\/\/akupunktur.kowald.org\/wp-content\/uploads\/2024\/02\/cropped-akupunkturpraxis_kowald_logo-2.png","width":250,"height":250,"caption":"Akupunkturpraxis Kowald"},"image":{"@id":"https:\/\/akupunktur.kowald.org\/#\/schema\/logo\/image\/"}}]}},"_links":{"self":[{"href":"https:\/\/akupunktur.kowald.org\/index.php?rest_route=\/wp\/v2\/pages\/2","targetHints":{"allow":["GET"]}}],"collection":[{"href":"https:\/\/akupunktur.kowald.org\/index.php?rest_route=\/wp\/v2\/pages"}],"about":[{"href":"https:\/\/akupunktur.kowald.org\/index.php?rest_route=\/wp\/v2\/types\/page"}],"author":[{"embeddable":true,"href":"https:\/\/akupunktur.kowald.org\/index.php?rest_route=\/wp\/v2\/users\/1"}],"replies":[{"embeddable":true,"href":"https:\/\/akupunktur.kowald.org\/index.php?rest_route=%2Fwp%2Fv2%2Fcomments&post=2"}],"version-history":[{"count":14,"href":"https:\/\/akupunktur.kowald.org\/index.php?rest_route=\/wp\/v2\/pages\/2\/revisions"}],"predecessor-version":[{"id":115,"href":"https:\/\/akupunktur.kowald.org\/index.php?rest_route=\/wp\/v2\/pages\/2\/revisions\/115"}],"wp:attachment":[{"href":"https:\/\/akupunktur.kowald.org\/index.php?rest_route=%2Fwp%2Fv2%2Fmedia&parent=2"}],"curies":[{"name":"wp","href":"https:\/\/api.w.org\/{rel}","templated":true}]}}